3 + 143 = 2*d. Suppose d + 59 = z. Suppose 0 = 178*x - z*x - 76. What is the units digit of x?
6
Let k = -9 - 5. Let f = k - -69. Suppose -7*n + 2*n + f = 0. What is the units digit of n?
1
Let m be (-6)/7*((-25)/15 - 3). Suppose 0 = -2*o - m*u + 187 + 263, -2*u - 450 = -2*o. What is the tens digit of o?
2
Let u = 5947 - 2350. What is the tens digit of u?
9
Suppose -645*o + 633*o = -58704. What is the tens digit of o?
9
What is the thousands digit of (96/9 + 2)*20850/100?
2
Let y(h) = 288*h - 2028. What is the hundreds digit of y(58)?
6
Let c = -2 + 4. Suppose -9181 = 5*r + 3*m, c*r - 1832 = 3*r + 2*m. What is the tens digit of r/(-14) - (-2)/(-7)?
3
What is the hundreds digit of -11717*16/112*-7?
7
Suppose 7*u = 5*u - 3*s + 52, -4*u - 5*s + 100 = 0. Let w(a) = a**3 - 17*a**2 - 31*a + 23. What is the hundreds digit of w(u)?
6
Let g be (-5*1/(-10))/((-2)/(-8)). Suppose 5*o - 5040 = -5*j, -g*j + 1350 = -o - 654. What is the hundreds digit of j?
0
Let v(u) = -115 + 116 + 48*u + 135*u. Let m be v(2). Suppose 2*y = n + m, y - 366 = -y + 2*n. What is the units digit of y?
4
Suppose 18*a = 22*a + 436. Let t = a - -139. Let x = 34 - t. What is the units digit of x?
4
Suppose 4*b = -2*l + 34, 3*l - 4*l + 44 = 5*b. Let j = 0 + b. Let s = j + 0. What is the units digit of s?
9
Let m be (-2)/((-20)/846) + (-4)/(-10). Suppose m + 365 = 5*n. Let o = n - 30. What is the units digit of o?
0
Let p(n) = -1249*n - 1809. What is the tens digit of p(-10)?
8
Let z = -834 - -838. Suppose -5*q + 4170 = z*a, 5*q - 2*a = -3*a + 4185. What is the hundreds digit of q?
8
Let h = 93 + -96. Let z be 5 + (5 - h)/2. Suppose -z*d = -100 - 26. What is the tens digit of d?
1
Suppose -13*l + 12*l + 13352 = 2*u, 4*u + 5*l = 26716. What is the units digit of u?
4
Let n(j) = -j**2 - 13*j - 21. Suppose 0 = -m + 5*m + 16. Let v be 4/(m + 54/15). What is the units digit of n(v)?
9
Suppose 8*o + 34 = -30. Let p be -2*(-5 + 3)*(-150)/o. Suppose 0 = -4*f + f + p. What is the tens digit of f?
2
What is the thousands digit of ((-12)/45)/((-6)/734355)?
2
Let x(b) = -177*b - 6. Let i = -228 - -225. What is the units digit of x(i)?
5
Let k(n) = -10*n**3 + 6*n**2 - 8*n - 1. Let p(r) = 5*r**3 - 3*r**2 + 4*r. Let h(d) = 3*k(d) + 7*p(d). What is the tens digit of h(2)?
3
Let x(c) = -c**2 - 10*c + 7723. What is the units digit of x(0)?
3
Suppose 16 = 16*b - 8*b. Suppose -7*l = -b*l - 1840. What is the tens digit of l?
6
Let b = -6333 + 9994. What is the hundreds digit of b?
6
Let c be (-2 - (-31053)/(-12))/(15/(-80)). Suppose -457*x = -469*x + c. What is the units digit of x?
1
Let y(o) be the second derivative of o**4/12 + 3*o**3/2 + 9*o**2 - 10*o. Let r be (-1)/(-6)*4*(-39)/2. What is the tens digit of y(r)?
7
Suppose 5*n - 7 = 5*u + 8, 0 = 4*n + 4*u - 36. Let x(v) = v**2 - 7*v + 4. Let d be x(n). What is the units digit of (1124/36 - -1) + d/9?
2
Let r(y) = -4*y + 26. Let v = 187 + -192. What is the tens digit of r(v)?
4
Let p(q) = q**2 + 42*q - 40. Let g be p(-43). Suppose 179 + 895 = g*h - 3*i, i + 714 = 2*h. What is the hundreds digit of h?
3
Let r(u) = -2*u + 21. Let h(g) = -4*g + 21. Let y(p) = 5*h(p) - 6*r(p). Let i(z) = 9*z + 23. Let j(o) = -4*i(o) - 6*y(o). What is the tens digit of j(5)?
9
Suppose -2*s + 6*s - 24 = 0. Suppose 113 = s*k + 545. Let d = -33 - k. What is the tens digit of d?
3
Suppose 4341256 = 116*r + 11*r + 959754. What is the units digit of r?
6
Suppose 0 = 2*b - 2*o - 36, 5*b - 36 = 3*b - 5*o. Let w be b/(112/54 + -2). Suppose -5*d + 132 = -w. What is the units digit of d?
5
Suppose 112*h = 244*h - 770880. What is the units digit of h?
0
Suppose -4*p + 13*m - 8*m + 20 = 0, 4*m = 4*p - 24. Suppose p*w - 41520 = -14*w. What is the tens digit of w?
3
Let p(o) = -2*o**2 - 21*o - 45. Let y be p(-7). Suppose 0*j - 16 = -y*j, 3*t - 3*j = 600. What is the tens digit of t?
0
Let y = 126 + -42. Suppose -5*z - 185 = -15*h + 10*h, -49 = z - 5*h. Let n = y + z. What is the units digit of n?
0
Suppose -15*w = -4*l - 12*w - 1223, 0 = -3*l - 3*w - 912. Let x = l + 640. What is the hundreds digit of x?
3
Suppose w - 91256 = -21*u + 19*u, -4*w = 0. What is the units digit of u?
8
Let w(v) = -107 + 335 - 114 - 113. Let f(k) = -33*k**2 + k - 7. Let a(o) = -f(o) - 5*w(o). What is the hundreds digit of a(3)?
2
Suppose 4*b + 15*q = 12*q + 12033, 12028 = 4*b + 4*q. Suppose 11*k - 3766 = 6*k - t, t = -4*k + b. What is the tens digit of k?
5
Let y be (-2*(-3)/30)/(19/190). What is the units digit of (-1821)/(-12) - (y + (-10)/8)?
1
Let a = -346 - -373. What is the units digit of 3/(-2)*(-14670)/a?
5
Suppose 2*j = 3*j - 2, -j + 4 = -2*k. Let g(q) = -264*q - 31. What is the hundreds digit of g(k)?
2
Let j be 600/9*3/2. Let a = 484 - j. What is the hundreds digit of a?
3
Let k(h) = -9 + 16 + 17 - h**2 + 6 + 12*h. Let g be k(14). Suppose -g*i = -3*z - 56 - 31, -3*i + 5*z + 133 = 0. What is the tens digit of i?
3
Suppose 5*i = 79*o - 82*o + 119466, 0 = -5*i - 5*o + 119480. What is the units digit of i?
9
Let j be (-320)/(-60)*30/8. Suppose -h - 5*v - j = -7, 5*v = -15. Suppose 3*s = 5*l - 1042, -h*l + 3*s + 211 = -204. What is the units digit of l?
9
Suppose 3*t - 34 = 2*u + 1313, -2027 = 3*u + 2*t. What is the tens digit of (((-256)/(-10))/4)/((-18)/u)?
4
Let g(u) = 1067*u**3 - 10*u**2 - 8*u - 2. Let a(x) = 1066*x**3 - 11*x**2 - 8*x - 2. Let s(h) = 3*a(h) - 4*g(h). What is the hundreds digit of s(-1)?
0
Suppose 5*f - v = 3*v - 13, 2*f = -3*v + 4. Let a(q) = 15*q**2 - 2*q - 4. Let d be a(3). What is the units digit of ((-6)/10)/(f/d)?
5
Let b(q) = -44*q - 7. Let n be ((-6)/21)/(3/84). What is the hundreds digit of b(n)?
3
Suppose 7*k - 17*k - 5*a = -43340, 4*k - 17330 = a. What is the tens digit of k?
3
What is the thousands digit of (-198)/(-54) - 461360/(-24)?
9
Let w(u) = 27*u**3 - 2*u**2 + 8*u - 76. What is the hundreds digit of w(6)?
7
Suppose -77*i = -123127 + 34346. What is the units digit of i?
3
Let q(s) be the third derivative of -17*s**4/12 - 9*s**3/2 - 44*s**2. Let x be q(-5). Suppose 0 = 5*d - 15, -x = -3*t + 2*d + 394. What is the tens digit of t?
8
Let y(z) = 2*z**3 + 61*z**2 + 250*z - 31. What is the tens digit of y(-25)?
9
What is the hundreds digit of (39512 - (1 + -5 + 3))*2?
0
Let s = -79 + 65. What is the tens digit of (-147)/s*218/3?
6
Let y be 48*(-8 + (-26)/(-3)). Let p(o) = -o**3 + 33*o**2 - 23*o - 65. What is the hundreds digit of p(y)?
2
Let t(w) = -73*w - 8. Let j be t(-2). Suppose j = -l + 4*l. Let m = l - 7. What is the units digit of m?
9
Let m(x) = -3*x**3 + 3*x**2 - 29*x - 141. What is the hundreds digit of m(-10)?
4
Let r = -4 + 1. Let z = -325 - -339. Let d = z - r. What is the units digit of d?
7
Let o be 76/20 - (2 + 0)/(-10). Suppose 5*b + q = -4*q + 10, 3*q - 9 = -o*b. Suppose -3*j + b*c - 132 = -5*j, 0 = -3*j + 4*c + 215. What is the tens digit of j?
6
Let a(z) = -80*z + 5. Let n be a(-3). Suppose 59 = 22*l - 29. Suppose 6*p - v - n = l*p, 115 = p + 2*v. What is the units digit of p?
1
Let d(y) = -y**3 - 20*y**2 - 7*y + 79. What is the tens digit of d(-25)?
7
Let m be -6 + 2 + (-24)/(-3). Suppose -4*q - 21 + 1 = -4*n, n + m*q = -10. Suppose -5*f + 1023 = 4*c, -f - 3*f + 816 = n*c. What is the hundreds digit of f?
2
Suppose 0 = 5*a + 4*z - 33495, 0 = 5*a - z - 0*z - 33470. What is the units digit of a?
5
Let i = -1699 - -813. Let g = -343 - i. What is the hundreds digit of g?
5
Let w = 6875 - 6729. What is the tens digit of w?
4
Suppose 88*j - 2*j - 1776 = 976. Let q(u) = -u + 48. Let k be q(0). What is the units digit of 676/j - 6/k?
1
Let j = -21862 + 51471. What is the tens digit of j?
0
Let m = 29770 + -9552. What is the ten thousands digit of m?
2
Let w(m) = 2*m**3 + 21*m**2 - 14*m - 16. Let h be w(-11). Let q(j) = h - j + 0*j - 8*j - 4*j. What is the units digit of q(-5)?
2
Let t(s) = 52*s**3 - 4*s**2 + 10*s + 52. What is the units digit of t(5)?
2
Suppose 7*r - 1022 = 3458. Suppose -86 - r = -2*x. What is the units digit of x?
3
Suppose -173513 = -4*r - 5*a, 4*r - 240818 = a - 67263. What is the thousands digit of r?
3
Suppose 5*f + 100 = 130. Suppose -12 = -2*y - f. Let s = y + 11. What is the units digit of s?
4
Let d = -4963 - -13139. What is the tens digit of d?
7
Let u be (-84)/(-140) + 2/5 - -23. Suppose -5*n = -u*n + 7315. What is the units di